{"id":11760,"date":"2025-10-22T12:41:33","date_gmt":"2025-10-22T15:41:33","guid":{"rendered":"https:\/\/www.sefaz.ba.gov.br\/ppp\/?page_id=11760"},"modified":"2025-10-29T11:31:09","modified_gmt":"2025-10-29T14:31:09","slug":"sistema-prisional","status":"publish","type":"page","link":"https:\/\/www.sefaz.ba.gov.br\/ppp\/projetos\/projetos-em-estudo\/sistema-prisional\/","title":{"rendered":"Sistema Prisional"},"content":{"rendered":"\t\t<div data-elementor-type=\"wp-page\" data-elementor-id=\"11760\" class=\"elementor elementor-11760\" data-elementor-post-type=\"page\">\n\t\t\t\t\t\t<section data-particle_enable=\"false\" data-particle-mobile-disabled=\"false\" class=\"elementor-section elementor-top-section elementor-element elementor-element-7bed3369 elementor-section-height-min-height elementor-section-boxed elementor-section-height-default elementor-section-items-middle\" data-id=\"7bed3369\" data-element_type=\"section\" data-e-type=\"section\" data-settings=\"{&quot;background_background&quot;:&quot;classic&quot;}\">\n\t\t\t\t\t\t<div class=\"elementor-container elementor-column-gap-default\">\n\t\t\t\t\t<div class=\"elementor-column elementor-col-100 elementor-top-column elementor-element elementor-element-6a5879dc\" data-id=\"6a5879dc\" data-element_type=\"column\" data-e-type=\"column\">\n\t\t\t<div class=\"elementor-widget-wrap elementor-element-populated\">\n\t\t\t\t\t\t<section data-particle_enable=\"false\" data-particle-mobile-disabled=\"false\" class=\"elementor-section elementor-inner-section elementor-element elementor-element-752e79ca elementor-section-boxed elementor-section-height-default elementor-section-height-default\" data-id=\"752e79ca\" data-element_type=\"section\" data-e-type=\"section\">\n\t\t\t\t\t\t\t<div class=\"elementor-background-overlay\"><\/div>\n\t\t\t\t\t\t\t<div class=\"elementor-container elementor-column-gap-default\">\n\t\t\t\t\t<div class=\"elementor-column elementor-col-100 elementor-inner-column elementor-element elementor-element-722ead7a\" data-id=\"722ead7a\" data-element_type=\"column\" data-e-type=\"column\" data-settings=\"{&quot;background_background&quot;:&quot;classic&quot;}\">\n\t\t\t<div class=\"elementor-widget-wrap elementor-element-populated\">\n\t\t\t\t\t\t<div class=\"elementor-element elementor-element-3c0b053f elementor-widget elementor-widget-heading\" data-id=\"3c0b053f\" data-element_type=\"widget\" data-e-type=\"widget\" data-widget_type=\"heading.default\">\n\t\t\t\t<div class=\"elementor-widget-container\">\n\t\t\t\t\t<h5 class=\"elementor-heading-title elementor-size-default\">Projetos em Estudo<\/h5>\t\t\t\t<\/div>\n\t\t\t\t<\/div>\n\t\t\t\t\t<\/div>\n\t\t<\/div>\n\t\t\t\t\t<\/div>\n\t\t<\/section>\n\t\t\t\t<section data-particle_enable=\"false\" data-particle-mobile-disabled=\"false\" class=\"elementor-section elementor-inner-section elementor-element elementor-element-67c9f523 elementor-section-boxed elementor-section-height-default elementor-section-height-default\" data-id=\"67c9f523\" data-element_type=\"section\" data-e-type=\"section\">\n\t\t\t\t\t\t\t<div class=\"elementor-background-overlay\"><\/div>\n\t\t\t\t\t\t\t<div class=\"elementor-container elementor-column-gap-default\">\n\t\t\t\t\t<div class=\"elementor-column elementor-col-100 elementor-inner-column elementor-element elementor-element-68ee5b28\" data-id=\"68ee5b28\" data-element_type=\"column\" data-e-type=\"column\">\n\t\t\t<div class=\"elementor-widget-wrap elementor-element-populated\">\n\t\t\t\t\t\t<div class=\"elementor-element elementor-element-ac70419 elementor-widget elementor-widget-heading\" data-id=\"ac70419\" data-element_type=\"widget\" data-e-type=\"widget\" data-widget_type=\"heading.default\">\n\t\t\t\t<div class=\"elementor-widget-container\">\n\t\t\t\t\t<h5 class=\"elementor-heading-title elementor-size-default\">Projeto voltado \u00e0 constru\u00e7\u00e3o, reforma, gest\u00e3o, opera\u00e7\u00e3o e manuten\u00e7\u00e3o de unidades prisionais no Estado da Bahia, com foco na amplia\u00e7\u00e3o de vagas, aprimoramento da seguran\u00e7a e melhoria da assist\u00eancia ao custodiado.<\/h5>\t\t\t\t<\/div>\n\t\t\t\t<\/div>\n\t\t\t\t\t<\/div>\n\t\t<\/div>\n\t\t\t\t\t<\/div>\n\t\t<\/section>\n\t\t\t\t\t<\/div>\n\t\t<\/div>\n\t\t\t\t\t<\/div>\n\t\t<\/section>\n\t\t\t\t<section data-particle_enable=\"false\" data-particle-mobile-disabled=\"false\" class=\"elementor-section elementor-top-section elementor-element elementor-element-4f88487b elementor-section-boxed elementor-section-height-default elementor-section-height-default\" data-id=\"4f88487b\" data-element_type=\"section\" data-e-type=\"section\">\n\t\t\t\t\t\t<div class=\"elementor-container elementor-column-gap-default\">\n\t\t\t\t\t<div class=\"elementor-column elementor-col-50 elementor-top-column elementor-element elementor-element-1dd4ea29\" data-id=\"1dd4ea29\" data-element_type=\"column\" data-e-type=\"column\">\n\t\t\t<div class=\"elementor-widget-wrap elementor-element-populated\">\n\t\t\t\t\t\t<section data-particle_enable=\"false\" data-particle-mobile-disabled=\"false\" class=\"elementor-section elementor-inner-section elementor-element elementor-element-37eccb6b elementor-section-boxed elementor-section-height-default elementor-section-height-default\" data-id=\"37eccb6b\" data-element_type=\"section\" data-e-type=\"section\">\n\t\t\t\t\t\t<div class=\"elementor-container elementor-column-gap-default\">\n\t\t\t\t\t<div class=\"elementor-column elementor-col-100 elementor-inner-column elementor-element elementor-element-567addfb\" data-id=\"567addfb\" data-element_type=\"column\" data-e-type=\"column\">\n\t\t\t<div class=\"elementor-widget-wrap elementor-element-populated\">\n\t\t\t\t\t\t<div class=\"elementor-element elementor-element-61bfc1f5 elementor-widget elementor-widget-heading\" data-id=\"61bfc1f5\" data-element_type=\"widget\" data-e-type=\"widget\" data-widget_type=\"heading.default\">\n\t\t\t\t<div class=\"elementor-widget-container\">\n\t\t\t\t\t<h2 class=\"elementor-heading-title elementor-size-default\">Informa\u00e7\u00f5es GeraIs<\/h2>\t\t\t\t<\/div>\n\t\t\t\t<\/div>\n\t\t\t\t<div class=\"elementor-element elementor-element-42ce1d1 elementor-widget elementor-widget-text-editor\" data-id=\"42ce1d1\" data-element_type=\"widget\" data-e-type=\"widget\" data-widget_type=\"text-editor.default\">\n\t\t\t\t<div class=\"elementor-widget-container\">\n\t\t\t\t\t\t\t\t\t<p>Proposta de Parceria P\u00fablico-Privada (PPP) voltados \u00e0 contrata\u00e7\u00e3o de servi\u00e7os de opera\u00e7\u00e3o e manuten\u00e7\u00e3o de unidades prisionais.<\/p><p>O projeto tem por objetivo promover a constru\u00e7\u00e3o, reforma ou requalifica\u00e7\u00e3o, gest\u00e3o e manuten\u00e7\u00e3o de estabelecimentos prisionais, visando ampliar o n\u00famero de vagas, elevar os padr\u00f5es de seguran\u00e7a e melhorar a assist\u00eancia ao custodiado, contribuindo para a efici\u00eancia do sistema prisional baiano.<\/p><p>A justificativa para a iniciativa decorre do atual d\u00e9ficit de vagas nas unidades prisionais, da defici\u00eancia de recursos tecnol\u00f3gicos voltados \u00e0 seguran\u00e7a, da escassez de recursos humanos (agravada pelo d\u00e9ficit de policiais penais), e da obsolesc\u00eancia de equipamentos e instala\u00e7\u00f5es. Soma-se a isso a tend\u00eancia de crescimento da popula\u00e7\u00e3o carcer\u00e1ria, que demanda solu\u00e7\u00f5es estruturais e sustent\u00e1veis.<\/p><p>O projeto busca modernizar e qualificar o sistema prisional, proporcionando:<\/p><ul><li>incremento da seguran\u00e7a e efici\u00eancia operacional,<\/li><li>moderniza\u00e7\u00e3o tecnol\u00f3gica e da infraestrutura f\u00edsica,<\/li><li>redu\u00e7\u00e3o de custos operacionais a longo prazo,<\/li><li>melhoria da assist\u00eancia em sa\u00fade e educa\u00e7\u00e3o ao custodiado, e<\/li><li>incentivo \u00e0 ressocializa\u00e7\u00e3o e \u00e0 redu\u00e7\u00e3o da reincid\u00eancia.<\/li><\/ul><p>A proposta est\u00e1 alinhada ao PPA 2024-2027, em especial aos compromissos de governo voltados \u00e0 melhoria cont\u00ednua do sistema penitenci\u00e1rio, \u00e0 racionaliza\u00e7\u00e3o de pr\u00e1ticas operacionais, \u00e0 moderniza\u00e7\u00e3o f\u00edsica e tecnol\u00f3gica das unidades, e \u00e0 reinser\u00e7\u00e3o social das pessoas privadas de liberdade e egressos do sistema.<\/p><p><strong>Setor<\/strong>: Seguran\u00e7a P\u00fablica \/ Mobilidade Urbana<br \/><strong>Modelo de Neg\u00f3cio<\/strong>: Em estudo<br \/><strong>Capex<\/strong>: Em estudo<br \/><strong>Prazo<\/strong>: Em estudo<br \/><strong>Contrapresta\u00e7\u00e3o Anual<\/strong>: Em estudo<\/p><p><strong>Principais Eventos<\/strong>:<br \/>\u203a Inser\u00e7\u00e3o do projeto no Programa de Parcerias P\u00fablico-Privadas do Estado da Bahia, conforme Resolu\u00e7\u00e3o do Conselho Gestor n\u00ba 08\/2025;<\/p><p>\u203a In\u00edcio dos estudos t\u00e9cnicos para defini\u00e7\u00e3o do modelo contratual e da estrutura operacional;<\/p><p>\u203a Enquadramento no PPA 2024-2027, nos compromissos de governo voltados \u00e0 moderniza\u00e7\u00e3o e aprimoramento do sistema prisional baiano.<\/p><p><strong>Situa\u00e7\u00e3o Atual<\/strong>: Processo em estudo preliminar.<\/p>\t\t\t\t\t\t\t\t<\/div>\n\t\t\t\t<\/div>\n\t\t\t\t\t<\/div>\n\t\t<\/div>\n\t\t\t\t\t<\/div>\n\t\t<\/section>\n\t\t\t\t\t<\/div>\n\t\t<\/div>\n\t\t\t\t<div class=\"elementor-column elementor-col-50 elementor-top-column elementor-element elementor-element-2bfdb509\" data-id=\"2bfdb509\" data-element_type=\"column\" data-e-type=\"column\" data-settings=\"{&quot;background_background&quot;:&quot;gradient&quot;}\">\n\t\t\t<div class=\"elementor-widget-wrap elementor-element-populated\">\n\t\t\t\t\t\t<section data-particle_enable=\"false\" data-particle-mobile-disabled=\"false\" class=\"elementor-section elementor-inner-section elementor-element elementor-element-18b5d554 elementor-section-boxed elementor-section-height-default elementor-section-height-default\" data-id=\"18b5d554\" data-element_type=\"section\" data-e-type=\"section\">\n\t\t\t\t\t\t<div class=\"elementor-container elementor-column-gap-default\">\n\t\t\t\t\t<div class=\"elementor-column elementor-col-100 elementor-inner-column elementor-element elementor-element-3517948\" data-id=\"3517948\" data-element_type=\"column\" data-e-type=\"column\" data-settings=\"{&quot;background_background&quot;:&quot;gradient&quot;}\">\n\t\t\t<div class=\"elementor-widget-wrap elementor-element-populated\">\n\t\t\t\t\t\t<div class=\"elementor-element elementor-element-e4ee88e elementor-widget elementor-widget-image\" data-id=\"e4ee88e\" data-element_type=\"widget\" data-e-type=\"widget\" data-widget_type=\"image.default\">\n\t\t\t\t<div class=\"elementor-widget-container\">\n\t\t\t\t\t\t\t\t\t\t\t\t\t\t\t<img decoding=\"async\" src=\"https:\/\/www.sefaz.ba.gov.br\/ppp\/wp-content\/uploads\/sites\/2\/elementor\/thumbs\/sistprisio_01-rdl7ixaorgbkuwc5zll4u6zefvw4pkxew3mtap3rlc.jpg\" title=\"Sistema Prisional\" alt=\"Sistema Prisional\" loading=\"lazy\" \/>\t\t\t\t\t\t\t\t\t\t\t\t\t\t\t<\/div>\n\t\t\t\t<\/div>\n\t\t\t\t\t<\/div>\n\t\t<\/div>\n\t\t\t\t\t<\/div>\n\t\t<\/section>\n\t\t\t\t\t<\/div>\n\t\t<\/div>\n\t\t\t\t\t<\/div>\n\t\t<\/section>\n\t\t\t\t<section data-particle_enable=\"false\" data-particle-mobile-disabled=\"false\" class=\"elementor-section elementor-top-section elementor-element elementor-element-2a3ac638 elementor-section-boxed elementor-section-height-default elementor-section-height-default\" data-id=\"2a3ac638\" data-element_type=\"section\" data-e-type=\"section\">\n\t\t\t\t\t\t<div class=\"elementor-container elementor-column-gap-default\">\n\t\t\t\t\t<div class=\"elementor-column elementor-col-100 elementor-top-column elementor-element elementor-element-513e85bd\" data-id=\"513e85bd\" data-element_type=\"column\" data-e-type=\"column\">\n\t\t\t<div class=\"elementor-widget-wrap elementor-element-populated\">\n\t\t\t\t\t\t<section data-particle_enable=\"false\" data-particle-mobile-disabled=\"false\" class=\"elementor-section elementor-inner-section elementor-element elementor-element-48112e10 elementor-section-boxed elementor-section-height-default elementor-section-height-default\" data-id=\"48112e10\" data-element_type=\"section\" data-e-type=\"section\">\n\t\t\t\t\t\t<div class=\"elementor-container elementor-column-gap-default\">\n\t\t\t\t\t<div class=\"elementor-column elementor-col-100 elementor-inner-column elementor-element elementor-element-394cf385\" data-id=\"394cf385\" data-element_type=\"column\" data-e-type=\"column\">\n\t\t\t<div class=\"elementor-widget-wrap elementor-element-populated\">\n\t\t\t\t\t\t<div class=\"elementor-element elementor-element-8953a83 elementor-widget elementor-widget-heading\" data-id=\"8953a83\" data-element_type=\"widget\" data-e-type=\"widget\" data-widget_type=\"heading.default\">\n\t\t\t\t<div class=\"elementor-widget-container\">\n\t\t\t\t\t<h2 class=\"elementor-heading-title elementor-size-default\">Documentos<\/h2>\t\t\t\t<\/div>\n\t\t\t\t<\/div>\n\t\t\t\t\t<\/div>\n\t\t<\/div>\n\t\t\t\t\t<\/div>\n\t\t<\/section>\n\t\t\t\t<section data-particle_enable=\"false\" data-particle-mobile-disabled=\"false\" class=\"elementor-section elementor-inner-section elementor-element elementor-element-521bb5ee elementor-section-boxed elementor-section-height-default elementor-section-height-default\" data-id=\"521bb5ee\" data-element_type=\"section\" data-e-type=\"section\">\n\t\t\t\t\t\t<div class=\"elementor-container elementor-column-gap-default\">\n\t\t\t\t\t<div class=\"elementor-column elementor-col-50 elementor-inner-column elementor-element elementor-element-7ad5c35b\" data-id=\"7ad5c35b\" data-element_type=\"column\" data-e-type=\"column\">\n\t\t\t<div class=\"elementor-widget-wrap elementor-element-populated\">\n\t\t\t\t\t\t<div class=\"elementor-element elementor-element-4b8a1b8 elementor-widget elementor-widget-eael-adv-accordion\" data-id=\"4b8a1b8\" data-element_type=\"widget\" data-e-type=\"widget\" data-widget_type=\"eael-adv-accordion.default\">\n\t\t\t\t<div class=\"elementor-widget-container\">\n\t\t\t\t\t            <div class=\"eael-adv-accordion\" id=\"eael-adv-accordion-4b8a1b8\" data-scroll-on-click=\"\" data-scroll-speed=\"300\" data-accordion-id=\"4b8a1b8\" data-accordion-type=\"toggle\" data-toogle-speed=\"300\">\n            <div class=\"eael-accordion-list\">\n\t\t\t\t\t<div id=\"atas-e-resolues\" class=\"elementor-tab-title eael-accordion-header\" tabindex=\"0\" data-tab=\"1\" aria-controls=\"elementor-tab-content-7921\"><span class=\"eael-advanced-accordion-icon-closed\"><svg aria-hidden=\"true\" class=\"fa-accordion-icon e-font-icon-svg e-fas-plus\" viewBox=\"0 0 448 512\" xmlns=\"http:\/\/www.w3.org\/2000\/svg\"><path d=\"M416 208H272V64c0-17.67-14.33-32-32-32h-32c-17.67 0-32 14.33-32 32v144H32c-17.67 0-32 14.33-32 32v32c0 17.67 14.33 32 32 32h144v144c0 17.67 14.33 32 32 32h32c17.67 0 32-14.33 32-32V304h144c17.67 0 32-14.33 32-32v-32c0-17.67-14.33-32-32-32z\"><\/path><\/svg><\/span><span class=\"eael-advanced-accordion-icon-opened\"><svg aria-hidden=\"true\" class=\"fa-accordion-icon e-font-icon-svg e-fas-minus\" viewBox=\"0 0 448 512\" xmlns=\"http:\/\/www.w3.org\/2000\/svg\"><path d=\"M416 208H32c-17.67 0-32 14.33-32 32v32c0 17.67 14.33 32 32 32h384c17.67 0 32-14.33 32-32v-32c0-17.67-14.33-32-32-32z\"><\/path><\/svg><\/span><span class=\"eael-accordion-tab-title\">Atas e Resolu\u00e7\u00f5es<\/span><svg aria-hidden=\"true\" class=\"fa-toggle e-font-icon-svg e-fas-angle-right\" viewBox=\"0 0 256 512\" xmlns=\"http:\/\/www.w3.org\/2000\/svg\"><path d=\"M224.3 273l-136 136c-9.4 9.4-24.6 9.4-33.9 0l-22.6-22.6c-9.4-9.4-9.4-24.6 0-33.9l96.4-96.4-96.4-96.4c-9.4-9.4-9.4-24.6 0-33.9L54.3 103c9.4-9.4 24.6-9.4 33.9 0l136 136c9.5 9.4 9.5 24.6.1 34z\"><\/path><\/svg><\/div><div id=\"elementor-tab-content-7921\" class=\"eael-accordion-content clearfix\" data-tab=\"1\" aria-labelledby=\"atas-e-resolues\"><p><a href=\"\/docs\/ppp\/sistemaprisional\/ata_reuniao_CGPPP_16_09_2025.pdf\" target=\"_blank\" rel=\"noopener\">\u203a Ata da Reuni\u00e3o CGPPP 16.09.2025<\/a><br \/><a href=\"\/docs\/ppp\/sistemaprisional\/resolucao_n08.2025.pdf\" target=\"_blank\" rel=\"noopener\">\u203a Resolu\u00e7\u00e3o n\u00ba 08\/2025<\/a><\/p><\/div>\n\t\t\t\t\t<\/div><\/div>\t\t\t\t<\/div>\n\t\t\t\t<\/div>\n\t\t\t\t\t<\/div>\n\t\t<\/div>\n\t\t\t\t<div class=\"elementor-column elementor-col-50 elementor-inner-column elementor-element elementor-element-4a6080a1\" data-id=\"4a6080a1\" data-element_type=\"column\" data-e-type=\"column\">\n\t\t\t<div class=\"elementor-widget-wrap\">\n\t\t\t\t\t\t\t<\/div>\n\t\t<\/div>\n\t\t\t\t\t<\/div>\n\t\t<\/section>\n\t\t\t\t\t<\/div>\n\t\t<\/div>\n\t\t\t\t\t<\/div>\n\t\t<\/section>\n\t\t\t\t<\/div>\n\t\t","protected":false},"excerpt":{"rendered":"<p>Projetos em Estudo Projeto voltado \u00e0 constru\u00e7\u00e3o, reforma, gest\u00e3o, opera\u00e7\u00e3o e manuten\u00e7\u00e3o de unidades prisionais no Estado da Bahia, com [&hellip;]<\/p>\n","protected":false},"author":5,"featured_media":0,"parent":6225,"menu_order":0,"comment_status":"closed","ping_status":"closed","template":"","meta":{"site-sidebar-layout":"no-sidebar","site-content-layout":null,"ast-site-content-layout":"full-width-container","site-content-style":"default","site-sidebar-style":"default","ast-global-header-display":"","ast-banner-title-visibility":"","ast-main-header-display":"","ast-hfb-above-header-display":null,"ast-hfb-below-header-display":"","ast-hfb-mobile-header-display":"","site-post-title":"disabled","ast-breadcrumbs-content":null,"ast-featured-img":"disabled","footer-sml-layout":"","ast-disable-related-posts":"","theme-transparent-header-meta":"","adv-header-id-meta":null,"stick-header-meta":"","header-above-stick-meta":null,"header-main-stick-meta":"","header-below-stick-meta":"","astra-migrate-meta-layouts":"default","ast-page-background-enabled":"default","ast-page-background-meta":{"desktop":{"background-color":"var(--ast-global-color-4)","background-image":"","background-repeat":"repeat","background-position":"center center","background-size":"auto","background-attachment":"scroll","background-type":"","background-media":"","overlay-type":"","overlay-color":"","overlay-opacity":"","overlay-gradient":""},"tablet":{"background-color":"","background-image":"","background-repeat":"repeat","background-position":"center center","background-size":"auto","background-attachment":"scroll","background-type":"","background-media":"","overlay-type":"","overlay-color":"","overlay-opacity":"","overlay-gradient":""},"mobile":{"background-color":"","background-image":"","background-repeat":"repeat","background-position":"center center","background-size":"auto","background-attachment":"scroll","background-type":"","background-media":"","overlay-type":"","overlay-color":"","overlay-opacity":"","overlay-gradient":""}},"ast-content-background-meta":{"desktop":{"background-color":"var(--ast-global-color-5)","background-image":"","background-repeat":"repeat","background-position":"center center","background-size":"auto","background-attachment":"scroll","background-type":"","background-media":"","overlay-type":"","overlay-color":"","overlay-opacity":"","overlay-gradient":""},"tablet":{"background-color":"var(--ast-global-color-5)","background-image":"","background-repeat":"repeat","background-position":"center center","background-size":"auto","background-attachment":"scroll","background-type":"","background-media":"","overlay-type":"","overlay-color":"","overlay-opacity":"","overlay-gradient":""},"mobile":{"background-color":"var(--ast-global-color-5)","background-image":"","background-repeat":"repeat","background-position":"center center","background-size":"auto","background-attachment":"scroll","background-type":"","background-media":"","overlay-type":"","overlay-color":"","overlay-opacity":"","overlay-gradient":""}},"footnotes":"","_links_to":"","_links_to_target":""},"class_list":["post-11760","page","type-page","status-publish","hentry"],"aioseo_notices":[],"_links":{"self":[{"href":"https:\/\/www.sefaz.ba.gov.br\/ppp\/wp-json\/wp\/v2\/pages\/11760","targetHints":{"allow":["GET"]}}],"collection":[{"href":"https:\/\/www.sefaz.ba.gov.br\/ppp\/wp-json\/wp\/v2\/pages"}],"about":[{"href":"https:\/\/www.sefaz.ba.gov.br\/ppp\/wp-json\/wp\/v2\/types\/page"}],"author":[{"embeddable":true,"href":"https:\/\/www.sefaz.ba.gov.br\/ppp\/wp-json\/wp\/v2\/users\/5"}],"replies":[{"embeddable":true,"href":"https:\/\/www.sefaz.ba.gov.br\/ppp\/wp-json\/wp\/v2\/comments?post=11760"}],"version-history":[{"count":0,"href":"https:\/\/www.sefaz.ba.gov.br\/ppp\/wp-json\/wp\/v2\/pages\/11760\/revisions"}],"up":[{"embeddable":true,"href":"https:\/\/www.sefaz.ba.gov.br\/ppp\/wp-json\/wp\/v2\/pages\/6225"}],"wp:attachment":[{"href":"https:\/\/www.sefaz.ba.gov.br\/ppp\/wp-json\/wp\/v2\/media?parent=11760"}],"curies":[{"name":"wp","href":"https:\/\/api.w.org\/{rel}","templated":true}]}}