{"id":6898,"date":"2024-07-24T16:12:14","date_gmt":"2024-07-24T19:12:14","guid":{"rendered":"https:\/\/www.sefaz.ba.gov.br\/ppp\/?page_id=6898"},"modified":"2026-02-06T13:48:20","modified_gmt":"2026-02-06T16:48:20","slug":"prestacao-de-contas","status":"publish","type":"page","link":"https:\/\/www.sefaz.ba.gov.br\/ppp\/prestacao-de-contas\/","title":{"rendered":"Presta\u00e7\u00e3o de Contas"},"content":{"rendered":"\t\t<div data-elementor-type=\"wp-page\" data-elementor-id=\"6898\" class=\"elementor elementor-6898\" data-elementor-post-type=\"page\">\n\t\t\t\t\t\t<section data-particle_enable=\"false\" data-particle-mobile-disabled=\"false\" class=\"elementor-section elementor-top-section elementor-element elementor-element-76b0596 elementor-section-height-min-height elementor-section-boxed elementor-section-height-default elementor-section-items-middle\" data-id=\"76b0596\" data-element_type=\"section\" data-e-type=\"section\" data-settings=\"{&quot;background_background&quot;:&quot;classic&quot;}\">\n\t\t\t\t\t\t<div class=\"elementor-container elementor-column-gap-default\">\n\t\t\t\t\t<div class=\"elementor-column elementor-col-100 elementor-top-column elementor-element elementor-element-ea5322b\" data-id=\"ea5322b\" data-element_type=\"column\" data-e-type=\"column\">\n\t\t\t<div class=\"elementor-widget-wrap elementor-element-populated\">\n\t\t\t\t\t\t<section data-particle_enable=\"false\" data-particle-mobile-disabled=\"false\" class=\"elementor-section elementor-inner-section elementor-element elementor-element-b2997df elementor-section-boxed elementor-section-height-default elementor-section-height-default\" data-id=\"b2997df\" data-element_type=\"section\" data-e-type=\"section\">\n\t\t\t\t\t\t\t<div class=\"elementor-background-overlay\"><\/div>\n\t\t\t\t\t\t\t<div class=\"elementor-container elementor-column-gap-default\">\n\t\t\t\t\t<div class=\"elementor-column elementor-col-100 elementor-inner-column elementor-element elementor-element-ec31d18\" data-id=\"ec31d18\" data-element_type=\"column\" data-e-type=\"column\">\n\t\t\t<div class=\"elementor-widget-wrap elementor-element-populated\">\n\t\t\t\t\t\t<div class=\"elementor-element elementor-element-3bdb52b elementor-widget elementor-widget-eael-divider\" data-id=\"3bdb52b\" data-element_type=\"widget\" data-e-type=\"widget\" data-widget_type=\"eael-divider.default\">\n\t\t\t\t<div class=\"elementor-widget-container\">\n\t\t\t\t\t\t\t<div class=\"eael-divider-wrap divider-direction-horizontal\">\n\t\t\t\t\t\t\t<div class=\"eael-divider horizontal solid\"><\/div>\n\t\t\t\t\t<\/div>\n\t\t\t\t<\/div>\n\t\t\t\t<\/div>\n\t\t\t\t\t<\/div>\n\t\t<\/div>\n\t\t\t\t\t<\/div>\n\t\t<\/section>\n\t\t\t\t\t<\/div>\n\t\t<\/div>\n\t\t\t\t\t<\/div>\n\t\t<\/section>\n\t\t\t\t<section data-particle_enable=\"false\" data-particle-mobile-disabled=\"false\" class=\"elementor-section elementor-top-section elementor-element elementor-element-6f83b37c elementor-section-boxed elementor-section-height-default elementor-section-height-default\" data-id=\"6f83b37c\" data-element_type=\"section\" data-e-type=\"section\">\n\t\t\t\t\t\t<div class=\"elementor-container elementor-column-gap-default\">\n\t\t\t\t\t<div class=\"elementor-column elementor-col-100 elementor-top-column elementor-element elementor-element-c07e599\" data-id=\"c07e599\" data-element_type=\"column\" data-e-type=\"column\">\n\t\t\t<div class=\"elementor-widget-wrap elementor-element-populated\">\n\t\t\t\t\t\t<section data-particle_enable=\"false\" data-particle-mobile-disabled=\"false\" class=\"elementor-section elementor-inner-section elementor-element elementor-element-3e7c5ff6 elementor-section-boxed elementor-section-height-default elementor-section-height-default\" data-id=\"3e7c5ff6\" data-element_type=\"section\" data-e-type=\"section\">\n\t\t\t\t\t\t<div class=\"elementor-container elementor-column-gap-default\">\n\t\t\t\t\t<div class=\"elementor-column elementor-col-100 elementor-inner-column elementor-element elementor-element-7b42d1a2\" data-id=\"7b42d1a2\" data-element_type=\"column\" data-e-type=\"column\">\n\t\t\t<div class=\"elementor-widget-wrap elementor-element-populated\">\n\t\t\t\t\t\t<div class=\"elementor-element elementor-element-7c8a217c elementor-widget elementor-widget-heading\" data-id=\"7c8a217c\" data-element_type=\"widget\" data-e-type=\"widget\" data-widget_type=\"heading.default\">\n\t\t\t\t<div class=\"elementor-widget-container\">\n\t\t\t\t\t<h2 class=\"elementor-heading-title elementor-size-default\">Informa\u00e7\u00f5es GeraIs<\/h2>\t\t\t\t<\/div>\n\t\t\t\t<\/div>\n\t\t\t\t<div class=\"elementor-element elementor-element-66af9520 elementor-widget elementor-widget-text-editor\" data-id=\"66af9520\" data-element_type=\"widget\" data-e-type=\"widget\" data-widget_type=\"text-editor.default\">\n\t\t\t\t<div class=\"elementor-widget-container\">\n\t\t\t\t\t\t\t\t\t<p>Esta se\u00e7\u00e3o contempla todas as informa\u00e7\u00f5es que s\u00e3o apresentadas nas Demonstra\u00e7\u00f5es Cont\u00e1beis Consolidadas do Estado da Bahia sobre o Programa de Parcerias P\u00fablico-Privadas.<\/p><p><strong>Relat\u00f3rios de Desempenho DCCEs: <\/strong>Considerando a exig\u00eancia do Art. 26 da lei 9.290\/2004, nesse item ser\u00e3o apresentadas as informa\u00e7\u00f5es relativas \u00e0s Concess\u00f5es Especiais (Parcerias P\u00fablico-Privadas).<\/p><p><strong>Relat\u00f3rios de Gest\u00e3o Fiscal: <\/strong>Esta se\u00e7\u00e3o apresenta o detalhamento das despesas com PPPs que constam no Anexo 13- Demonstrativo das Parcerias P\u00fablico-Privadas.<\/p><p><strong>Relat\u00f3rios Cont\u00e1beis: <\/strong>Esta se\u00e7\u00e3o apresenta informa\u00e7\u00f5es cont\u00e1beis sobre os Contratos de PPP, tais como: Ativos, Passivos, Passivos Contingentes e Provis\u00f5es para riscos decorrentes de Contratos de PPP.<\/p>\t\t\t\t\t\t\t\t<\/div>\n\t\t\t\t<\/div>\n\t\t\t\t\t<\/div>\n\t\t<\/div>\n\t\t\t\t\t<\/div>\n\t\t<\/section>\n\t\t\t\t<section data-particle_enable=\"false\" data-particle-mobile-disabled=\"false\" class=\"elementor-section elementor-inner-section elementor-element elementor-element-c067c0f elementor-section-boxed elementor-section-height-default elementor-section-height-default\" data-id=\"c067c0f\" data-element_type=\"section\" data-e-type=\"section\">\n\t\t\t\t\t\t<div class=\"elementor-container elementor-column-gap-default\">\n\t\t\t\t\t<div class=\"elementor-column elementor-col-100 elementor-inner-column elementor-element elementor-element-517d6ff\" data-id=\"517d6ff\" data-element_type=\"column\" data-e-type=\"column\">\n\t\t\t<div class=\"elementor-widget-wrap elementor-element-populated\">\n\t\t\t\t\t\t<div class=\"elementor-element elementor-element-115267a elementor-widget elementor-widget-heading\" data-id=\"115267a\" data-element_type=\"widget\" data-e-type=\"widget\" data-widget_type=\"heading.default\">\n\t\t\t\t<div class=\"elementor-widget-container\">\n\t\t\t\t\t<h2 class=\"elementor-heading-title elementor-size-default\">Documentos<\/h2>\t\t\t\t<\/div>\n\t\t\t\t<\/div>\n\t\t\t\t\t<\/div>\n\t\t<\/div>\n\t\t\t\t\t<\/div>\n\t\t<\/section>\n\t\t\t\t<section data-particle_enable=\"false\" data-particle-mobile-disabled=\"false\" class=\"elementor-section elementor-inner-section elementor-element elementor-element-54cb750 elementor-section-boxed elementor-section-height-default elementor-section-height-default\" data-id=\"54cb750\" data-element_type=\"section\" data-e-type=\"section\">\n\t\t\t\t\t\t<div class=\"elementor-container elementor-column-gap-default\">\n\t\t\t\t\t<div class=\"elementor-column elementor-col-50 elementor-inner-column elementor-element elementor-element-8459131\" data-id=\"8459131\" data-element_type=\"column\" data-e-type=\"column\">\n\t\t\t<div class=\"elementor-widget-wrap elementor-element-populated\">\n\t\t\t\t\t\t<div class=\"elementor-element elementor-element-75777a9 elementor-widget elementor-widget-eael-adv-accordion\" data-id=\"75777a9\" data-element_type=\"widget\" data-e-type=\"widget\" data-widget_type=\"eael-adv-accordion.default\">\n\t\t\t\t<div class=\"elementor-widget-container\">\n\t\t\t\t\t            <div class=\"eael-adv-accordion\" id=\"eael-adv-accordion-75777a9\" data-scroll-on-click=\"\" data-scroll-speed=\"300\" data-accordion-id=\"75777a9\" data-accordion-type=\"toggle\" data-toogle-speed=\"300\">\n            <div class=\"eael-accordion-list\">\n\t\t\t\t\t<div id=\"relatrios-de-desempenho-dcces\" class=\"elementor-tab-title eael-accordion-header\" tabindex=\"0\" data-tab=\"1\" aria-controls=\"elementor-tab-content-1231\"><span class=\"eael-advanced-accordion-icon-closed\"><svg aria-hidden=\"true\" class=\"fa-accordion-icon e-font-icon-svg e-fas-plus\" viewBox=\"0 0 448 512\" xmlns=\"http:\/\/www.w3.org\/2000\/svg\"><path d=\"M416 208H272V64c0-17.67-14.33-32-32-32h-32c-17.67 0-32 14.33-32 32v144H32c-17.67 0-32 14.33-32 32v32c0 17.67 14.33 32 32 32h144v144c0 17.67 14.33 32 32 32h32c17.67 0 32-14.33 32-32V304h144c17.67 0 32-14.33 32-32v-32c0-17.67-14.33-32-32-32z\"><\/path><\/svg><\/span><span class=\"eael-advanced-accordion-icon-opened\"><svg aria-hidden=\"true\" class=\"fa-accordion-icon e-font-icon-svg e-fas-minus\" viewBox=\"0 0 448 512\" xmlns=\"http:\/\/www.w3.org\/2000\/svg\"><path d=\"M416 208H32c-17.67 0-32 14.33-32 32v32c0 17.67 14.33 32 32 32h384c17.67 0 32-14.33 32-32v-32c0-17.67-14.33-32-32-32z\"><\/path><\/svg><\/span><span class=\"eael-accordion-tab-title\">Relat\u00f3rios de Desempenho DCCEs<\/span><svg aria-hidden=\"true\" class=\"fa-toggle e-font-icon-svg e-fas-angle-right\" viewBox=\"0 0 256 512\" xmlns=\"http:\/\/www.w3.org\/2000\/svg\"><path d=\"M224.3 273l-136 136c-9.4 9.4-24.6 9.4-33.9 0l-22.6-22.6c-9.4-9.4-9.4-24.6 0-33.9l96.4-96.4-96.4-96.4c-9.4-9.4-9.4-24.6 0-33.9L54.3 103c9.4-9.4 24.6-9.4 33.9 0l136 136c9.5 9.4 9.5 24.6.1 34z\"><\/path><\/svg><\/div><div id=\"elementor-tab-content-1231\" class=\"eael-accordion-content clearfix\" data-tab=\"1\" aria-labelledby=\"relatrios-de-desempenho-dcces\"><p><strong>2025<br \/><\/strong><a href=\"https:\/\/www.sefaz.ba.gov.br\/docs\/ppp\/prestacao_contas\/relatorio_desempenho_DCCEs_2025.pdf\" target=\"_blank\" rel=\"noopener\">\u203a Relat\u00f3rio de Desempenho DCCEs 2025<\/a><\/p><p><strong>2024<br \/><\/strong><a href=\"https:\/\/www.sefaz.ba.gov.br\/docs\/ppp\/prestacao_contas\/relatorio_desempenho_DCCEs_2024_consolidado.pdf\" target=\"_blank\" rel=\"noopener\">\u203a Relat\u00f3rio de Desempenho DCCEs 2024 Consolidado<\/a><br \/><a href=\"https:\/\/www.sefaz.ba.gov.br\/docs\/ppp\/prestacao_contas\/relatorio_desempenho_DCCEs_2024.pdf\" target=\"_blank\" rel=\"noopener\">\u203a Relat\u00f3rio de Desempenho DCCEs 2024<\/a><\/p><p><strong>2023<\/strong><br \/><a href=\"https:\/\/www.sefaz.ba.gov.br\/docs\/ppp\/prestacao_contas\/relatorio_desempenho_PPPs_DCCEs_2023_consolidado.pdf\" target=\"_blank\" rel=\"noopener\">\u203a Relat\u00f3rio Desempenho PPPs DCCEs 2023 Consolidado<\/a><br \/><a href=\"https:\/\/www.sefaz.ba.gov.br\/docs\/ppp\/prestacao_contas\/relatorio_desempenho_DCCEs_2023.pdf\" target=\"_blank\" rel=\"noopener\">\u203a Relat\u00f3rio de Desempenho DCCEs 2023<\/a><\/p><p><strong>2022<\/strong><br \/><a href=\"https:\/\/www.sefaz.ba.gov.br\/docs\/ppp\/prestacao_contas\/relatorio_desempenho_DCCEs_2022.pdf\" target=\"_blank\" rel=\"noopener\">\u203a Relat\u00f3rio de Desempenho DCCEs 2022<\/a><\/p><\/div>\n\t\t\t\t\t<\/div><div class=\"eael-accordion-list\">\n\t\t\t\t\t<div id=\"relatrios-de-gesto-fiscal\" class=\"elementor-tab-title eael-accordion-header\" tabindex=\"0\" data-tab=\"2\" aria-controls=\"elementor-tab-content-1232\"><span class=\"eael-advanced-accordion-icon-closed\"><svg aria-hidden=\"true\" class=\"fa-accordion-icon e-font-icon-svg e-fas-plus\" viewBox=\"0 0 448 512\" xmlns=\"http:\/\/www.w3.org\/2000\/svg\"><path d=\"M416 208H272V64c0-17.67-14.33-32-32-32h-32c-17.67 0-32 14.33-32 32v144H32c-17.67 0-32 14.33-32 32v32c0 17.67 14.33 32 32 32h144v144c0 17.67 14.33 32 32 32h32c17.67 0 32-14.33 32-32V304h144c17.67 0 32-14.33 32-32v-32c0-17.67-14.33-32-32-32z\"><\/path><\/svg><\/span><span class=\"eael-advanced-accordion-icon-opened\"><svg aria-hidden=\"true\" class=\"fa-accordion-icon e-font-icon-svg e-fas-minus\" viewBox=\"0 0 448 512\" xmlns=\"http:\/\/www.w3.org\/2000\/svg\"><path d=\"M416 208H32c-17.67 0-32 14.33-32 32v32c0 17.67 14.33 32 32 32h384c17.67 0 32-14.33 32-32v-32c0-17.67-14.33-32-32-32z\"><\/path><\/svg><\/span><span class=\"eael-accordion-tab-title\">Relat\u00f3rios de Gest\u00e3o Fiscal<\/span><svg aria-hidden=\"true\" class=\"fa-toggle e-font-icon-svg e-fas-angle-right\" viewBox=\"0 0 256 512\" xmlns=\"http:\/\/www.w3.org\/2000\/svg\"><path d=\"M224.3 273l-136 136c-9.4 9.4-24.6 9.4-33.9 0l-22.6-22.6c-9.4-9.4-9.4-24.6 0-33.9l96.4-96.4-96.4-96.4c-9.4-9.4-9.4-24.6 0-33.9L54.3 103c9.4-9.4 24.6-9.4 33.9 0l136 136c9.5 9.4 9.5 24.6.1 34z\"><\/path><\/svg><\/div><div id=\"elementor-tab-content-1232\" class=\"eael-accordion-content clearfix\" data-tab=\"2\" aria-labelledby=\"relatrios-de-gesto-fiscal\"><p><strong>2024<br \/><\/strong><a href=\"https:\/\/www.sefaz.ba.gov.br\/docs\/ppp\/prestacao_contas\/relatorio_gestaofiscal_2024.pdf\" target=\"_blank\" rel=\"noopener\">\u203a Relat\u00f3rio de Gest\u00e3o Fiscal 2024<\/a><\/p><p><strong>2023<br \/><\/strong><a href=\"https:\/\/www.sefaz.ba.gov.br\/docs\/ppp\/prestacao_contas\/relatorio_gestaofiscal_2023.pdf\" target=\"_blank\" rel=\"noopener\">\u203a Relat\u00f3rio de Gest\u00e3o Fiscal 2023<\/a><br \/><strong><br \/>2022<\/strong><br \/><a href=\"https:\/\/www.sefaz.ba.gov.br\/docs\/ppp\/prestacao_contas\/relatorio_gestaofiscal_2022.pdf\" target=\"_blank\" rel=\"noopener\">\u203a Relat\u00f3rio de Gest\u00e3o Fiscal 2022<\/a><\/p><\/div>\n\t\t\t\t\t<\/div><\/div>\t\t\t\t<\/div>\n\t\t\t\t<\/div>\n\t\t\t\t\t<\/div>\n\t\t<\/div>\n\t\t\t\t<div class=\"elementor-column elementor-col-50 elementor-inner-column elementor-element elementor-element-5e6e048\" data-id=\"5e6e048\" data-element_type=\"column\" data-e-type=\"column\">\n\t\t\t<div class=\"elementor-widget-wrap elementor-element-populated\">\n\t\t\t\t\t\t<div class=\"elementor-element elementor-element-d3d80d8 elementor-widget elementor-widget-eael-adv-accordion\" data-id=\"d3d80d8\" data-element_type=\"widget\" data-e-type=\"widget\" data-widget_type=\"eael-adv-accordion.default\">\n\t\t\t\t<div class=\"elementor-widget-container\">\n\t\t\t\t\t            <div class=\"eael-adv-accordion\" id=\"eael-adv-accordion-d3d80d8\" data-scroll-on-click=\"\" data-scroll-speed=\"300\" data-accordion-id=\"d3d80d8\" data-accordion-type=\"toggle\" data-toogle-speed=\"300\">\n            <div class=\"eael-accordion-list\">\n\t\t\t\t\t<div id=\"relatrios-contbeis\" class=\"elementor-tab-title eael-accordion-header\" tabindex=\"0\" data-tab=\"1\" aria-controls=\"elementor-tab-content-2221\"><span class=\"eael-advanced-accordion-icon-closed\"><svg aria-hidden=\"true\" class=\"fa-accordion-icon e-font-icon-svg e-fas-plus\" viewBox=\"0 0 448 512\" xmlns=\"http:\/\/www.w3.org\/2000\/svg\"><path d=\"M416 208H272V64c0-17.67-14.33-32-32-32h-32c-17.67 0-32 14.33-32 32v144H32c-17.67 0-32 14.33-32 32v32c0 17.67 14.33 32 32 32h144v144c0 17.67 14.33 32 32 32h32c17.67 0 32-14.33 32-32V304h144c17.67 0 32-14.33 32-32v-32c0-17.67-14.33-32-32-32z\"><\/path><\/svg><\/span><span class=\"eael-advanced-accordion-icon-opened\"><svg aria-hidden=\"true\" class=\"fa-accordion-icon e-font-icon-svg e-fas-minus\" viewBox=\"0 0 448 512\" xmlns=\"http:\/\/www.w3.org\/2000\/svg\"><path d=\"M416 208H32c-17.67 0-32 14.33-32 32v32c0 17.67 14.33 32 32 32h384c17.67 0 32-14.33 32-32v-32c0-17.67-14.33-32-32-32z\"><\/path><\/svg><\/span><span class=\"eael-accordion-tab-title\">Relat\u00f3rios Cont\u00e1beis<\/span><svg aria-hidden=\"true\" class=\"fa-toggle e-font-icon-svg e-fas-angle-right\" viewBox=\"0 0 256 512\" xmlns=\"http:\/\/www.w3.org\/2000\/svg\"><path d=\"M224.3 273l-136 136c-9.4 9.4-24.6 9.4-33.9 0l-22.6-22.6c-9.4-9.4-9.4-24.6 0-33.9l96.4-96.4-96.4-96.4c-9.4-9.4-9.4-24.6 0-33.9L54.3 103c9.4-9.4 24.6-9.4 33.9 0l136 136c9.5 9.4 9.5 24.6.1 34z\"><\/path><\/svg><\/div><div id=\"elementor-tab-content-2221\" class=\"eael-accordion-content clearfix\" data-tab=\"1\" aria-labelledby=\"relatrios-contbeis\"><p><strong>2024<br \/><\/strong><a href=\"https:\/\/www.sefaz.ba.gov.br\/docs\/ppp\/prestacao_contas\/relatorio_contabil_2024_ativos_passivos.pdf\" target=\"_blank\" rel=\"noopener\">\u203a Relat\u00f3rio Cont\u00e1bil 2024 Bens M\u00f3veis e Im\u00f3veis e Obriga\u00e7\u00f5es decorrentes de Contratos de PPP<\/a><br \/><a href=\"https:\/\/www.sefaz.ba.gov.br\/docs\/ppp\/prestacao_contas\/relatorio_contabil_2024_ativos_SPE.pdf\" target=\"_blank\" rel=\"noopener\">\u203a Relat\u00f3rio Cont\u00e1bil 2024 Ativos das Sociedades de Prop\u00f3sito Espec\u00edfico (SPE)<\/a><br \/><a href=\"https:\/\/www.sefaz.ba.gov.br\/docs\/ppp\/prestacao_contas\/relatorio_contabil_2024_provisoes_PPP.pdf\" target=\"_blank\" rel=\"noopener\">\u203a Relat\u00f3rio Cont\u00e1bil 2024 Provis\u00f5es para Riscos Decorrentes de Contratos de PPP <\/a><\/p><p><strong>2023<br \/><\/strong><a href=\"https:\/\/www.sefaz.ba.gov.br\/docs\/ppp\/prestacao_contas\/relatorio_contabil_2023_ativos_passivos.pdf\" target=\"_blank\" rel=\"noopener\">\u203a Relat\u00f3rio Cont\u00e1bil 2023 Ativos e Passivos Contingentes e Bens M\u00f3veis e Im\u00f3veis<\/a><br \/><a href=\"https:\/\/www.sefaz.ba.gov.br\/docs\/ppp\/prestacao_contas\/relatorio_contabil_2023_ativos_SPE.pdf\" target=\"_blank\" rel=\"noopener\">\u203a Relat\u00f3rio Cont\u00e1bil 2023 Ativos das Sociedades de Prop\u00f3sito Espec\u00edfico (SPE)<\/a><br \/><a href=\"https:\/\/www.sefaz.ba.gov.br\/docs\/ppp\/prestacao_contas\/relatorio_contabil_2023_provisoes_PPP.pdf\" target=\"_blank\" rel=\"noopener\">\u203a Relat\u00f3rio Cont\u00e1bil 2023 Provis\u00f5es para Riscos Decorrentes de Contratos de PPP<\/a><\/p><\/div>\n\t\t\t\t\t<\/div><\/div>\t\t\t\t<\/div>\n\t\t\t\t<\/div>\n\t\t\t\t\t<\/div>\n\t\t<\/div>\n\t\t\t\t\t<\/div>\n\t\t<\/section>\n\t\t\t\t\t<\/div>\n\t\t<\/div>\n\t\t\t\t\t<\/div>\n\t\t<\/section>\n\t\t\t\t<\/div>\n\t\t","protected":false},"excerpt":{"rendered":"<p>Informa\u00e7\u00f5es GeraIs Esta se\u00e7\u00e3o contempla todas as informa\u00e7\u00f5es que s\u00e3o apresentadas nas Demonstra\u00e7\u00f5es Cont\u00e1beis Consolidadas do Estado da Bahia sobre [&hellip;]<\/p>\n","protected":false},"author":3,"featured_media":0,"parent":0,"menu_order":0,"comment_status":"closed","ping_status":"closed","template":"","meta":{"site-sidebar-layout":"no-sidebar","site-content-layout":null,"ast-site-content-layout":"full-width-container","site-content-style":"default","site-sidebar-style":"default","ast-global-header-display":"","ast-banner-title-visibility":"","ast-main-header-display":"","ast-hfb-above-header-display":null,"ast-hfb-below-header-display":"","ast-hfb-mobile-header-display":"","site-post-title":"disabled","ast-breadcrumbs-content":null,"ast-featured-img":"disabled","footer-sml-layout":"","ast-disable-related-posts":"","theme-transparent-header-meta":"","adv-header-id-meta":"","stick-header-meta":"","header-above-stick-meta":null,"header-main-stick-meta":"","header-below-stick-meta":"","astra-migrate-meta-layouts":"default","ast-page-background-enabled":"default","ast-page-background-meta":{"desktop":{"background-color":"var(--ast-global-color-4)","background-image":"","background-repeat":"repeat","background-position":"center center","background-size":"auto","background-attachment":"scroll","background-type":"","background-media":"","overlay-type":"","overlay-color":"","overlay-opacity":"","overlay-gradient":""},"tablet":{"background-color":"","background-image":"","background-repeat":"repeat","background-position":"center center","background-size":"auto","background-attachment":"scroll","background-type":"","background-media":"","overlay-type":"","overlay-color":"","overlay-opacity":"","overlay-gradient":""},"mobile":{"background-color":"","background-image":"","background-repeat":"repeat","background-position":"center center","background-size":"auto","background-attachment":"scroll","background-type":"","background-media":"","overlay-type":"","overlay-color":"","overlay-opacity":"","overlay-gradient":""}},"ast-content-background-meta":{"desktop":{"background-color":"var(--ast-global-color-5)","background-image":"","background-repeat":"repeat","background-position":"center center","background-size":"auto","background-attachment":"scroll","background-type":"","background-media":"","overlay-type":"","overlay-color":"","overlay-opacity":"","overlay-gradient":""},"tablet":{"background-color":"var(--ast-global-color-5)","background-image":"","background-repeat":"repeat","background-position":"center center","background-size":"auto","background-attachment":"scroll","background-type":"","background-media":"","overlay-type":"","overlay-color":"","overlay-opacity":"","overlay-gradient":""},"mobile":{"background-color":"var(--ast-global-color-5)","background-image":"","background-repeat":"repeat","background-position":"center center","background-size":"auto","background-attachment":"scroll","background-type":"","background-media":"","overlay-type":"","overlay-color":"","overlay-opacity":"","overlay-gradient":""}},"footnotes":"","_links_to":"","_links_to_target":""},"class_list":["post-6898","page","type-page","status-publish","hentry"],"aioseo_notices":[],"_links":{"self":[{"href":"https:\/\/www.sefaz.ba.gov.br\/ppp\/wp-json\/wp\/v2\/pages\/6898","targetHints":{"allow":["GET"]}}],"collection":[{"href":"https:\/\/www.sefaz.ba.gov.br\/ppp\/wp-json\/wp\/v2\/pages"}],"about":[{"href":"https:\/\/www.sefaz.ba.gov.br\/ppp\/wp-json\/wp\/v2\/types\/page"}],"author":[{"embeddable":true,"href":"https:\/\/www.sefaz.ba.gov.br\/ppp\/wp-json\/wp\/v2\/users\/3"}],"replies":[{"embeddable":true,"href":"https:\/\/www.sefaz.ba.gov.br\/ppp\/wp-json\/wp\/v2\/comments?post=6898"}],"version-history":[{"count":0,"href":"https:\/\/www.sefaz.ba.gov.br\/ppp\/wp-json\/wp\/v2\/pages\/6898\/revisions"}],"wp:attachment":[{"href":"https:\/\/www.sefaz.ba.gov.br\/ppp\/wp-json\/wp\/v2\/media?parent=6898"}],"curies":[{"name":"wp","href":"https:\/\/api.w.org\/{rel}","templated":true}]}}